t is the remainder when t is divided by 11?
10
Suppose 0 = -6*n + 2*n + 92. Suppose -n = 3*w - 1169. What is the remainder when 53 is divided by w/14 - (-6)/(-21)?
26
Let m = -7232 - -7262. Calculate the remainder when 208 is divided by m.
28
Suppose -4*k - 160 = -6*k - 2*o, -3*o - 3 = 0. Let n = -66 + k. Suppose 27 - n = 3*i. Calculate the remainder when i is divided by 4.
0
Let l(m) = -64*m - 24. Let u be l(-1). Suppose -u*f + 112 = -32*f. Calculate the remainder when 125 is divided by f.
13
Suppose 2*q + 5*v = 667 - 24, 1331 = 4*q - 5*v. Suppose 0*o = 4*o - 264. Calculate the remainder when q is divided by o.
65
Let k = -20137 + 21794. Calculate the remainder when k is divided by 60.
37
Let o(u) = 272*u + 1. Let q be o(-1). Let b(w) = 2*w**3 - 18*w**2 + 10*w + 1. Let i be b(7). Let m = i - q. What is the remainder when m is divided by 37?
35
Let w be (405/25 + 7)*15. Suppose 3*i = -0*i + 6. Calculate the remainder when (1 + -2)/(i - 702/w) is divided by 12.
10
Suppose 15*j = 12 + 18. Suppose -j*r = -4*q + 110, 0 = -3*q + r + 21 + 61. Suppose -u - u + 30 = 0. What is the remainder when q is divided by u?
12
Let n(g) = -g**2 - 12*g + 5. Let i be n(-12). Suppose 0*k + k = 1, 0 = p + i*k - 67. Suppose 7*h - 8*h = -p. Calculate the remainder when h is divided by 32.
30
Suppose -410 = -0*o - 5*o. Let f = o - 70. Calculate the remainder when 69 is divided by f.
9
Suppose 3*o = 4*s - 57 + 13, 3*s + 5*o - 33 = 0. Calculate the remainder when 536 is divided by s.
8
Suppose 21*g - 13*g = -528. Let y = g - -72. Suppose 0 = 2*p + 4*q + q - 46, 4*q = 4*p - 92. Calculate the remainder when p is divided by y.
5
Suppose 2*i = 4*y - 47 - 3, -5*y = -5*i - 40. What is the remainder when 3060 is divided by y?
0
Let b = 25461 - 22367. What is the remainder when b is divided by 14?
0
Let j = 310 + -296. Suppose 0 = 5*l - 5*q - 210, -2*l - q + 5*q = -78. What is the remainder when l is divided by j?
3
Suppose -17*r + 10706 = -2894. Calculate the remainder when r is divided by 246.
62
Let r = -15138 - -16716. What is the remainder when r is divided by 84?
66
Calculate the remainder when 20/25*-2*45/18 + 883 is divided by 88.
87
Let d(y) = -2*y**3 + 2*y**2 + 15*y - 10. Let q be d(6). Let z = -253 - q. What is the remainder when 159 is divided by z?
24
Let w(k) = k**3 + 21*k**2 + 17*k - 55. Let r be w(-20). Suppose -p + 587 = -11*a + 15*a, r*a + 2*p = 733. What is the remainder when a is divided by 51?
45
Let d = 10113 - 8900. What is the remainder when d is divided by 263?
161
Suppose 4*i + 3*w - 9 = 2*w, -w = -i + 1. Let o be 87*(i + 1 + -2). Suppose -5*r - o = -337. Calculate the remainder when r is divided by 17.
16
Calculate the remainder when 1159*2/8 - 2*(-3)/24 is divided by 3.
2
What is the remainder when 26 is divided by 3 - -6*25/30?
2
Suppose 253*r - z = 249*r + 179, -163 = -3*r - 5*z. What is the remainder when r is divided by 5?
1
What is the remainder when 293 is divided by (20*4/240)/((-1)/(-60))?
13
Suppose -78 = -4*o + r, 0 = 2*o - 0*o + r - 36. Let s = -20 + o. Let g(l) = 2*l**2 + 2*l + 3. Calculate the remainder when 3 is divided by g(s).
0
Suppose k = -3*m - 10, 2*k - 3*m = 8 - 1. Let l be (k + 63)/(-2 - -3). Let n = l - 45. What is the remainder when 49 is divided by n?
15
Calculate the remainder when -73*(-2)/(-4)*-4 is divided by 4*((-110)/40 + -1)*21/(-15).
20
Let v(u) = -53*u + 4. Suppose -969 = -20*i + 889 + 342. Calculate the remainder when v(-4) is divided by i.
106
Let o(i) = i**3 - 92*i**2 + 267*i + 33. What is the remainder when 82 is divided by o(89)?
16
Let p(g) = g**2 - 27*g - 441. Let i(u) = u - 15. Let d be i(0). What is the remainder when p(39) is divided by 1/5 + (-237)/d?
11
What is the remainder when 2133 is divided by -20*14/(-560)*44/2?
10
Calculate the remainder when -5 + (-21567)/(-35) - 7/35 is divided by 303.
5
Suppose 0 = 28*h - 23*h - 2*m - 279, 217 = 3*h + 5*m. What is the remainder when 2123 is divided by h?
58
Let z = -69 - -84. Suppose -z*t + 17*t = 132. Let i = t + -54. What is the remainder when 58 is divided by i?
10
Let i = 20 - 10. Calculate the remainder when 956/2390 - (-714)/15 is divided by i.
8
Let v = -70 - -102. Suppose -7*p + 18 = 2*m - 3*p, m + 3*p = 12. Suppose m*i + 71 - 122 = 0. Calculate the remainder when v is divided by i.
15
Let s = -1457 + 927. Let d = s - -580. Calculate the remainder when 144 is divided by d.
44
Let t = -1568 + 1609. Calculate the remainder when 2622 is divided by t.
39
Let l = 36 - 71. Let q = l - -27. What is the remainder when (46/6)/((-4 - q)/12) is divided by 9?
5
Let v(d) = -2*d**3 + 17*d**2 - 19*d + 70. What is the remainder when v(6) is divided by 39?
19
Let x(o) = -6*o**2 - 463*o + 130. Calculate the remainder when 509 is divided by x(-77).
95
Suppose 61 = 3*d + 5*m, 5*d - 65*m + 64*m = 55. Calculate the remainder when 442 is divided by d.
10
Suppose 3*s = y - 2*y - 184, 4*s = -2*y - 244. Let h = 157 + s. Let d = 81 - 33. What is the remainder when h is divided by d?
47
Let i be (-2)/12*-2*-15. Let g(z) = -z**3 - 3*z**2 + z - 1. What is the remainder when g(i) is divided by 3*1/2*(62 + -54)?
8
Let u be (100 - -2)/(3 - 1). Let q = u + -46. Calculate the remainder when 90/q*-1*(-8)/6 is divided by 9.
6
Let u(p) = -13*p + 9. Let j be u(-6). Suppose 0 = 3*y - j + 75. Calculate the remainder when 139 is divided by y.
3
Let u = 127 + 92. Let f = -141 + u. Calculate the remainder when 461 is divided by f.
71
Suppose 5*r - 5*a + 41 + 4 = 0, -4*r = 2*a + 24. Let u(g) = -14*g - 31. What is the remainder when (0 + r)*624/(-91) is divided by u(-4)?
23
Let m(c) = c**2 - 32*c - 85. Let y(f) be the second derivative of f**4/4 + 5*f**3/6 + 7*f**2/2 + f. What is the remainder when y(-5) is divided by m(35)?
17
Let u = 63 + 12. What is the remainder when 1495 is divided by u?
70
Let h = 653 - -365. Suppose -253 = 5*o - h. Calculate the remainder when o is divided by 79.
74
Let y(q) = -q + 62. Let s(i) = -i**2 - 13*i + 61. Calculate the remainder when y(16) is divided by s(-16).
7
Suppose 0*w = 3*w - 42. Let z be (1 - 2)*(-3 + -2). Suppose 0 = -z*o + 22 + 113. What is the remainder when o is divided by w?
13
Suppose 732*y - 718*y = 224. What is the remainder when y is divided by 6?
4
What is the remainder when 325 is divided by (216/(-60) - -4)*(3297/14 - 3)?
46
Suppose 0 = 152*i - 157*i - 40. Calculate the remainder when 319 is divided by (i/(-1))/(-4 - (-17)/4).
31
Let y = 96 + -92. Suppose 4*p - 40 = 4*z, -y*z + 4 = -8*z. What is the remainder when 53 is divided by p?
8
Suppose -5*m = -5*t - 15, m + 13 = -3*t + 8. What is the remainder when (m - 149)*30/135*-9 is divided by 75?
71
Let c(b) = b**3 + 10*b**2 + 10*b + 22. Let g(q) = 4*q + 4. Let z = 28 + -31. Let y be g(z). What is the remainder when c(y) is divided by 8?
6
Let w = -198 - -127. Let n = w + 283. Let i = 91 + -48. Calculate the remainder when n is divided by i.
40
Let r(p) be the first derivative of 19 - 25*p + 5/2*p**2. Calculate the remainder when 133 is divided by r(14).
43
Let z be (-4 + 5)/((-1)/27). Suppose -3*f + 3 = -90. Calculate the remainder when f is divided by z/45 - 116/(-10).
9
Let w(q) = 2*q**2 + 10*q - 2. Let o be w(-6). Suppose -11*b - 974 = -15*b + k, -o = 5*k. What is the remainder when b is divided by 35?
33
What is the remainder when 234 is divided by 175/14*((-14)/(-5) - 2)?
4
Let k(q) = -95*q + 600. What is the remainder when 454 is divided by k(6)?
4
Let b = 163 - 153. Let o(x) = 13*x**2 - 2*x + 1. Let d = -6 - -4. Calculate the remainder when o(d) is divided by b.
7
Let l = 68 - 38. What is the remainder when (544/(-80))/(10/(-525)) is divided by l?
27
Suppose -1493 + 9878 = -43*b. Let w(g) = g**3 + 6*g**2 + g + 7. Let s be w(-6). What is the remainder when 156/b*((-126)/4 - s) is divided by 14?
12
Let g be (-1)/((-88)/(-40) + -3 + 1). Let q be (-266)/(-2) + (-3 - g/1). Let p = q - 117. What is the remainder when p is divided by 7?
4
Let x(l) = -307*l - 956. Calculate the remainder when x(-14) is divided by 8.
6
Suppose 4*k - 1292 = -4*o - 0*o, -k = 2. Calculate the remainder when o is divided by (-2)/1*(318/(-12) + 6).
38
Suppose 5*k - 4*t - 1439 - 256 = 0, 3*k + 4*t = 985. Suppose -d - 5*b = -39, 5*d - 39 - 6 = 5*b. Calculate the remainder when k is divided by d.
13
Suppose s = -4*m + 30